-531 + 1679. Suppose -3*z = -10*z + r. Let l = z + -76. What is the units digit of l?
8
What is the units digit of (-5*2*1)/(-5 - (-6189)/1238)?
0
Suppose 8 = 4*h + 2*k, 0*h - 2*k = 3*h - 6. What is the units digit of (1/(-1))/((-520)/(-264) - h)?
3
Let c(j) = 6*j**2 + 5*j + 34. Let x(w) = 2*w**2 + 2*w + 10. Let b(o) = 6*c(o) - 17*x(o). What is the units digit of b(-16)?
0
Suppose -1303*b + 1293*b + 662980 = 0. What is the ten thousands digit of b?
6
Suppose 2*g = 5*g - 90. Let a be (1 + (-20)/8)*-2. What is the units digit of ((6/(-1))/a)/((-1)/g)?
0
Suppose -500 = -v + 6*v. Let x = -85 + -81. Let k = v - x. What is the tens digit of k?
6
What is the hundreds digit of 56/(-8)*86608/56*-1?
8
Suppose 9*y - 3206 - 2738 - 3209 = 0. What is the units digit of y?
7
Suppose 0 = -y - 5*a + 6118 + 3281, 0 = 2*y - 4*a - 18826. What is the hundreds digit of y?
4
Let o(g) = -7*g - 3. Let r be o(-3). Let t be (2 - 2) + (-3 - -4) + 3. What is the hundreds digit of 112 + ((-2)/t)/(r/36)?
1
What is the units digit of 39310/14 + 107/749?
8
Let b = 381 + -194. Let j = b + -140. What is the units digit of j?
7
Let k be (4 + -7)/((-5)/5). Suppose 29 + 142 = k*m. What is the tens digit of m?
5
Suppose 22*c - 17*c = -4*b + 9908, 4*b - 9936 = 2*c. What is the units digit of b/6 - 58/87?
3
Let n = 37918 + -16887. What is the hundreds digit of n?
0
Let y = 16779 + -6650. What is the ten thousands digit of y?
1
What is the tens digit of (432/32 + -21)*4472/(-6)?
9
Let z be (-5)/(((-10)/(0 + 5))/(-4)). What is the hundreds digit of (-34)/(-85) - 14136/z?
4
Suppose 3*j + 1831 = 2*x - 0*j, x - 916 = 2*j. Suppose 3*u - 295 = x. What is the units digit of u?
3
Suppose -13 + 13 = 3*m. Suppose z - 1 - 3 = m. Suppose 5*d + 5*n - 846 = n, 679 = z*d + n. What is the tens digit of d?
7
Suppose -271718 - 181906 = -5*s - g, 5*s = -3*g + 453612. What is the tens digit of s?
2
Let t be (((-4)/(-5))/2)/((-4)/(-11400)). Suppose -3*m = 3*p - 696, -5*m - 4*p = -3*p - t. What is the hundreds digit of m?
2
Let q(w) = 145*w**2 - 10*w + 8. Let x be q(-4). Suppose -2*c - x = -5*i, -i = -12*c + 8*c - 470. What is the units digit of i?
4
Let l(p) = 84*p - 147. Let y be l(3). Suppose 5 = q + 1. Suppose 445 - y = q*d. What is the tens digit of d?
8
Suppose 17 = 3*v - 7. Suppose -4*n - v = 12, n = -2*j + 1379. Suppose -6*y - j = -10*y. What is the hundreds digit of y?
1
Let u(m) = -2*m + 15. Let r be u(9). Let j(k) = -k**3 - 2*k**2 + 3*k. Let t be j(r). What is the hundreds digit of t + 105 - (6/(-2))/(-1)?
1
Suppose 0 = -4*g + 8*g - 3*k - 4647, -2*k - 3486 = -3*g. Suppose -3*p - 8*l + g = -4*l, l + 1940 = 5*p. What is the tens digit of p?
8
Suppose -6*o - o - 56 = 0. Let d(i) = i**3 + 11*i**2 + 6*i - 19. Let k be d(o). Suppose -k = -5*m - 4*y, -y = m - 2*y - 16. What is the tens digit of m?
2
Let l(h) = 1015*h**2 + 182*h + 909. What is the units digit of l(-5)?
4
Let d(h) = 2*h**3 + 9*h**2 + h + 9. Let x(s) = s**3 + s - 1. Let j(o) = -d(o) + 3*x(o). Let m be j(9). Suppose 29 = m*u - 37. What is the tens digit of u?
1
Let y be (-40)/12 + (-2 - -3)/3. What is the units digit of 6*(305/15 - y)?
0
Let s(b) = -332*b + 127. Let i = -41 - -38. What is the thousands digit of s(i)?
1
Let t = -132 - -259. Let d be (-4)/(t/125 + -1). What is the units digit of (-12)/(-84) - d/14?
8
Suppose -54*a + 58*a - 42472 = 2*z, -4*z = 2*a - 21256. What is the ten thousands digit of a?
1
Let v(d) = 62*d**2 + 5*d + 6. Let h be v(-1). Suppose t - 82 = h. What is the hundreds digit of t?
1
Suppose 4*z - 12477 = 18735. What is the units digit of z?
3
Let i(y) = y**3 - y**2 - 5*y + 12. Let s be i(6). Let f = s - -570. What is the tens digit of f?
3
Let l = 156 + -138. Let b = -1 + l. What is the tens digit of b?
1
Let h(d) = -11*d**2 + 15*d + 124. Let a be h(-9). Let g = 2399 + a. What is the units digit of g?
7
Let m(v) = -v**2 + 12*v - 32. Let r be m(11). Let z be -4*(-4 - r/(-12)). Suppose -4*c + z = c + 3*x, 4*x + 16 = 5*c. What is the units digit of c?
4
Suppose -38 = 4*v - 50. What is the tens digit of (1/v)/(5/1635)?
0
Suppose 122 = 2*g - 96. Let x(s) = g + 30*s**2 + 2*s + 32 - s**3 - 32*s**2. What is the hundreds digit of x(0)?
1
Let f(k) = -19*k - 96. Let b be f(-23). Let w = b + -70. What is the tens digit of w?
7
Let m = -23 + 23. Suppose -a + 4*f = -5*a, 2*a - 2*f - 20 = m. Suppose -a*j = -474 - 31. What is the tens digit of j?
0
Suppose 0 = 18*i - 73707 - 44625. What is the thousands digit of i?
6
Suppose -253*a - 10801749 = -636*a. What is the tens digit of a?
0
Let s(n) be the second derivative of -n**4/12 - 5*n**3/2 + 9*n**2 + 31*n. Let t be s(-16). What is the units digit of -49*-3*(t - 1)?
7
Let q(j) = 5*j**3 + 13*j**2 - 21*j + 30. Let x be q(10). Suppose -28*c = -36*c + x. What is the tens digit of c?
6
Let j = -95 - -29. Let w be ((-5)/(25/j))/((-30)/(-100)). Suppose -640 = -3*i + 5*t, 3*i + 4*t + w - 720 = 0. What is the hundreds digit of i?
2
Let k(t) = -t**3 - 6*t**2 + 10*t + 25. Let w be k(-7). What is the tens digit of (0 - 13280/(-70)) + w/14?
9
Suppose 68*a - 238*a - 80*a = -3551250. What is the ten thousands digit of a?
1
Suppose 5*m - 67 = 3*q, 92 = 4*m - 3*q + 36. Suppose m*w = 55*w - 70048. What is the units digit of w?
2
Let h(k) = -24 + 3 + 1006*k - 1030*k - k**3 - 13*k**2. Let f be h(-11). Let y(p) = 41*p - 2. What is the units digit of y(f)?
9
Let m(r) = -r**3 + 50*r**2 - 6*r - 453. What is the tens digit of m(45)?
0
Suppose -10*g + 54 = 34. Suppose 5*p - 746 = -5*c - 11, -4*p - g*c + 598 = 0. What is the units digit of p?
2
Suppose -5*p - 1 = -4*m, 0*m - 20 = -5*m. Suppose 536 = 4*v + 3*o, 206 - 608 = -p*v - 2*o. Let t = 222 - v. What is the tens digit of t?
8
Let y(r) = 2*r - 37. Suppose 4*k = -8*w + 3*w + 93, 4*w - k - 66 = 0. Let z be y(w). What is the tens digit of ((-392)/12 + 3 + z)*-6?
9
Suppose 7*y - 19*y + 216 = 0. Let x(i) = i**3 - 15*i**2 - 4*i + 11. What is the units digit of x(y)?
1
Let p(o) = o**2 - 38*o + 77. Let w be p(38). Let r be 380/(-7) - 4/(-14). Let k = w + r. What is the tens digit of k?
2
Let s(z) = 2*z**3 - 27*z**2 + 11*z + 30. Let t be s(13). Suppose 550 = t*p - o - 1041, o = 2*p - 797. What is the hundreds digit of p?
3
Let f be 0/(5 + -3) + 4. Suppose -2*w - 5*b = -4*w + 394, 5*w - 968 = f*b. What is the hundreds digit of w + (-2 - -3)*0/(-7)?
1
Let q(z) = z**2 + 51*z - 58. Let j be q(-52). Let h(r) = 2*r - 17*r + 18 - 9*r - 2*r. What is the tens digit of h(j)?
7
Suppose -1 = 2*l - 45. Suppose 0 = 46*w - 909 + 6475. Let z = l - w. What is the units digit of z?
3
Suppose 734 + 1074 = 8*v. Suppose -v*m + 222*m = -1728. What is the tens digit of m?
3
Let c be (64/8)/(1*-1). Let q be (-1684)/(-20) - c/10. Suppose f - 6 - 76 = -2*h, q = f + h. What is the tens digit of f?
8
Let t(x) = -x**3 + 7*x**2 + 15. Let o be t(7). Let w(b) = 12*b + o + 15 + 4*b - 6*b. What is the tens digit of w(5)?
8
Let d(u) = 46*u**3 + 2*u**2 + 2*u - 2. Let v be d(-6). What is the tens digit of 6/(11/v*(-8)/2)?
4
Let f(u) = 15*u**2 - 7*u - 3. Suppose -3*k - 2*y = -2 + 7, -4*k = -4*y + 40. Let n be f(k). Let t = -238 + n. What is the tens digit of t?
6
Let b(s) = 7*s - 77. Let p(n) = -3*n + 38. Let q(c) = 2*b(c) + 5*p(c). Let g(y) = -6*y - 24. Let h be g(-4). What is the tens digit of q(h)?
3
Let m be (-105)/(-14)*1/((-3)/(-2)). Let s = 9 - m. Suppose 2*h = -2*g + 336, 178 = g - h + s*h. What is the hundreds digit of g?
1
Suppose -13 = 2*h - 25. Let n = -856 - -1276. Suppose 0*l = -h*l + n. What is the tens digit of l?
7
Let v = 47480 - 11432. What is the thousands digit of v?
6
Let f(v) = 83*v**2 - 18*v - 4. What is the hundreds digit of f(-6)?
0
Let c = -64 - -85. Let g = 27 - c. Suppose -327 = -g*y + 1005. What is the tens digit of y?
2
Suppose 0 = -3*f + 3*g + 4578, 6*g - 1622 = -4*f + 4492. What is the thousands digit of f?
1
Let l be ((-9)/(-18))/((-1)/(-4)). Suppose -l*f = 15*f - 10863. What is the units digit of f?
9
Let v(i) = -i**2 - 2*i + 27. Let f be v(-6). Suppose 2*g + 794 = f*d + g, 0 = 2*d - 3*g - 520. What is the hundreds digit of d?
2
Let m(c) be the second derivative of 13*c**3/6 - 14*c**2 + 7*c. Let z be m(14). Suppose 1 = -b, 0*b - z = -5*o + 4*b. What is the tens digit of o?
3
Let n(c) = -38*c**3 + 3*c + 3. Let q be (-2)/6 - (4/(-3) - -1). Suppose -2*u - 2*a = -q